reatest common factor of 851 and 430421.
37
What is the highest common factor of 3858063 and 33?
33
Calculate the highest common divisor of 10 and 1010780.
10
What is the highest common divisor of 53949 and 294?
147
What is the greatest common divisor of 46 and 870251?
23
Calculate the greatest common factor of 270 and 936180.
90
What is the greatest common divisor of 380684 and 209?
19
What is the greatest common divisor of 3838 and 169746?
38
What is the greatest common factor of 58650 and 134504?
782
Calculate the highest common divisor of 13545 and 90.
45
Calculate the highest common factor of 251300 and 420.
140
What is the highest common factor of 32 and 4106?
2
Calculate the highest common factor of 38 and 287774.
38
What is the greatest common factor of 1098 and 9847962?
1098
Calculate the highest common divisor of 1237544 and 1640.
328
What is the highest common divisor of 1048 and 1250264?
1048
Calculate the highest common factor of 84 and 144.
12
Calculate the highest common factor of 17 and 976.
1
What is the greatest common divisor of 62640 and 414?
18
Calculate the greatest common factor of 16020 and 10.
10
Calculate the greatest common divisor of 6972 and 852.
12
Calculate the greatest common factor of 88 and 3608.
88
Calculate the greatest common factor of 1339 and 1957.
103
What is the greatest common divisor of 5797 and 430032?
527
What is the highest common divisor of 1032 and 2904?
24
Calculate the highest common factor of 183113 and 441.
49
Calculate the highest common factor of 20633 and 3073.
439
What is the highest common factor of 19228 and 132?
44
What is the greatest common divisor of 310 and 28706?
62
Calculate the highest common factor of 39338 and 5525.
221
What is the greatest common divisor of 6300 and 1316?
28
Calculate the greatest common divisor of 136 and 85102.
34
Calculate the highest common divisor of 12 and 58524.
12
What is the highest common factor of 851 and 407?
37
What is the highest common factor of 171293 and 1?
1
What is the greatest common factor of 199920 and 280?
280
Calculate the highest common divisor of 63 and 75012.
21
What is the highest common factor of 111551 and 22?
11
Calculate the highest common factor of 40080 and 96.
48
What is the greatest common factor of 11453 and 5798?
13
Calculate the highest common factor of 2077 and 1206.
67
What is the highest common divisor of 889 and 1764?
7
Calculate the highest common factor of 871383 and 71.
71
What is the greatest common divisor of 6394 and 276?
46
What is the highest common divisor of 115726 and 26?
26
What is the highest common factor of 3409 and 268824?
487
Calculate the greatest common factor of 112 and 22260.
28
What is the greatest common divisor of 3149 and 8107?
67
What is the highest common divisor of 1104246 and 1188?
594
Calculate the greatest common factor of 5792 and 2304.
32
Calculate the highest common factor of 98 and 686147.
49
What is the highest common factor of 836 and 58672?
76
What is the greatest common divisor of 1104 and 12052?
92
What is the highest common factor of 24612 and 15822?
1758
What is the highest common factor of 182104 and 26?
26
Calculate the greatest common divisor of 1 and 848015.
1
Calculate the greatest common factor of 94038 and 462.
42
What is the greatest common factor of 337676 and 5945?
1189
What is the greatest common divisor of 1988 and 9156?
28
Calculate the highest common factor of 1 and 18668.
1
Calculate the highest common divisor of 30 and 472794.
6
What is the greatest common factor of 252439 and 6996?
583
Calculate the greatest common divisor of 3892 and 417.
139
What is the highest common divisor of 516 and 228?
12
What is the greatest common divisor of 436694 and 6984?
194
What is the highest common divisor of 21 and 10097367?
21
What is the highest common divisor of 31 and 29256653?
31
Calculate the greatest common factor of 305003 and 1341.
149
What is the highest common factor of 48 and 5778?
6
Calculate the highest common divisor of 28 and 107.
1
What is the greatest common divisor of 52 and 52078?
26
What is the greatest common divisor of 203194 and 27168?
566
What is the greatest common factor of 35351 and 136735?
667
Calculate the highest common factor of 638 and 32132.
58
What is the greatest common divisor of 22412 and 467204?
1724
Calculate the highest common factor of 320 and 409280.
320
What is the greatest common factor of 59503 and 7580?
379
What is the greatest common divisor of 689 and 2597?
53
What is the greatest common factor of 347093 and 322?
23
What is the highest common factor of 55562 and 338?
26
What is the greatest common divisor of 195 and 3079830?
195
Calculate the highest common factor of 5030 and 170.
10
Calculate the greatest common divisor of 169560 and 72.
72
Calculate the highest common divisor of 5907 and 111696.
537
Calculate the greatest common factor of 21255 and 1560.
195
Calculate the highest common divisor of 309112 and 36.
4
What is the greatest common divisor of 110 and 3480?
10
Calculate the highest common factor of 855 and 105735.
285
Calculate the highest common factor of 800 and 55840.
160
What is the highest common divisor of 6754 and 88?
22
What is the highest common divisor of 3 and 25272?
3
What is the greatest common factor of 457346 and 13180?
1318
What is the highest common factor of 18802333 and 583?
583
What is the highest common factor of 34 and 2559146?
34
Calculate the highest common divisor of 5536 and 30944.
32
Calculate the greatest common factor of 1753652 and 1734.
578
Calculate the greatest common divisor of 1482 and 3939.
39
What is the greatest common factor of 264 and 534?
6
Calculate the highest common divisor of 44450 and 295910.
1270
What is the highest common factor of 1360 and 6000?
80
What is the greatest common factor of 9060 and 804?
12
What is the highest common divisor of 264 and 10568?
8
Calculate the highest common divisor of 336 and 1806.
42
Calculate the highest common factor of 64 and 1356.
4
What is the highest common factor of 243 and 1722141?
243
What is the greatest common divisor of 1616520 and 709?
709
Calculate the highest common divisor of 243 and 180.
9
Calculate the highest common divisor of 1001 and 14833.
91
Calculate the greatest common divisor of 58091 and 22.
11
Calculate the highest common divisor of 122 and 358.
2
Calculate the highest common divisor of 684856 and 32.
8
What is the greatest common divisor of 411 and 420?
3
Calculate the greatest common divisor of 350 and 24570.
70
Calculate the highest common factor of 283296 and 1920.
96
Calculate the highest common divisor of 230 and 35995.
115
What is the highest common divisor of 306 and 6358?
34
Calculate the highest common divisor of 1769 and 61451.
29
Calculate the greatest common factor of 2384785 and 95.
95
Calculate the highest common divisor of 41760 and 32256.
288
Calculate the greatest common divisor of 4221 and 1575.
63
Calculate the highest common divisor of 5850 and 4160.
130
Calculate the greatest common divisor of 377 and 206219.
377
Calculate the greatest common factor of 20208 and 1564857.
1263
What is the highest common divisor of 322 and 1426?
46
Calculate the greatest common divisor of 2547 and 566.
283
What is the greatest common divisor of 139 and 379609?
139
What is the highest common factor of 17894 and 73910?
778
What is the highest common factor of 1393242 and 12?
6
Calculate the greatest common divisor of 428 and 10302388.
428
What is the highest common divisor of 2791705 and 1743?
581
Calculate the highest common divisor of 30 and 68410.
10
Calculate the greatest common factor of 152398 and 46.
46
What is the highest common divisor of 812 and 6398?
14
Calculate the greatest common divisor of 484 and 94292.
44
Calculate the highest common divisor of 20919 and 259836.
1101
What is the highest common divisor of 61850 and 30?
10
Calculate the highest common factor of 18 and 81765.
9
Calculate the highest common divisor of 30 and 2291730.
30
Calculate the highest common divisor of 316 and 16274.
158
What is the highest common factor of 13260 and 416?
52
What is the greatest common divisor of 105 and 108507?
21
What is the greatest common divisor of 10 and 307085?
5
What is the greatest common facto